))?
46
Let l(f) = f**3 - f**2 - 2*f + 2. Let b = -9 - -14. What is the remainder when l(3) is divided by b?
4
Let y = 4 + 10. Let w = y - 7. Suppose w*f = 5*f + 196. Calculate the remainder when f is divided by 25.
23
Suppose i + 9*o = 4*o + 45, -15 = -5*o. What is the remainder when (1/2)/((-2)/(-224)) is divided by i?
26
Let y be -6*((-18)/4)/9. Suppose -5*x - i = -0*x - 216, 0 = -2*x + y*i + 83. Calculate the remainder when x is divided by 9.
7
Suppose 3*l = 693 + 12. What is the remainder when l is divided by 30?
25
Let k be 3 + (2 - 10) - -49. Let b = 48 - k. Calculate the remainder when 11 is divided by b.
3
Let u(v) = -14*v**3 + 12 + 28*v**3 + 8*v**2 + 0*v - 13*v**3 + 9*v. Calculate the remainder when 88 is divided by u(-6).
28
Suppose 8 = 165*c - 163*c. Let q(t) = 33*t - 9. What is the remainder when q(c) is divided by 21?
18
Suppose l + 5*g = 7, 2*g - 3*g = -2*l + 3. Suppose 2*i - 2*y - 280 = -3*i, 0 = l*i - 3*y - 101. Calculate the remainder when i is divided by 22.
14
Suppose 5*n + 0*n + g - 211 = 0, -125 = -3*n + g. What is the remainder when n is divided by 22?
20
Let d = -398 - -147. Let l = d + 354. Calculate the remainder when l is divided by 15.
13
Let j(w) = w**3 - 7*w**2 + 11*w - 13. Let s be j(7). What is the remainder when 77 is divided by s/20*(-25)/(-2)?
37
Calculate the remainder when (-118)/3*(-10 + 35/5) is divided by 30.
28
Let y = 52 + -27. Let x(w) = w**2 + w - 1. Let a be x(-3). Suppose -a*z = z - 42. What is the remainder when y is divided by z?
4
Let f(n) = n**2 + 8*n + 5. Let y be f(-7). Let r = 361 - 318. Calculate the remainder when r is divided by 11*(y - -1*3).
10
Suppose 7*p - 222 = 23. Calculate the remainder when p is divided by 6.
5
Let l = 55 - 37. Let g = -13 + l. Calculate the remainder when g is divided by 3.
2
Let p = -42 - -99. Let i = 63 - p. What is the remainder when i is divided by 2?
0
Let k(h) = h**3 - 6*h**2 + 5*h - 25. Calculate the remainder when 8 is divided by k(6).
3
Let n = 26 - -5. Let g(v) = 58*v - 461. What is the remainder when g(10) is divided by n?
26
Let w = 14 - 24. Suppose -m = 2*b + 5, 24 = -5*m - 3*b + 6. Let c = m - w. Calculate the remainder when 19 is divided by c.
5
Let q(a) = a + 511. What is the remainder when q(0) is divided by 64?
63
Suppose 134 = -3*t + 182. Calculate the remainder when 62 is divided by t.
14
Suppose 0 = 9*n + 16*n - 1575. Calculate the remainder when n is divided by 8.
7
Let s(d) = -d**3 + d**2 + 17*d - 17. Suppose v - 38 = -2*o, -4*o - 55 = -7*o - v. What is the remainder when s(-5) is divided by o?
14
Let z be ((-6)/(-15) - (-16)/60)*6. Suppose -4*m = j - 47, 4*m + 3*j - 49 = 4*j. What is the remainder when (-14)/z*(-3132)/189 is divided by m?
10
Suppose 0 = 5*k - 4 - 41. Calculate the remainder when 42 is divided by k.
6
Suppose -3*k + 9 + 0 = 0. Suppose -2*a + 22 = -4*z, 4*z + 7 = k. Let r = a - 4. What is the remainder when 9 is divided by r?
4
Suppose -3*h + 8*h + 5 = 2*u, 0 = 2*u + 2*h - 40. What is the remainder when 83 is divided by u?
8
Let p = -25 + 41. Suppose -3*r - 52 = -4*r - 2*y, 0 = -4*r - 4*y + 220. What is the remainder when r is divided by p?
10
Suppose -x - 8*b + 6*b + 21 = 0, 2*x = -3*b + 46. Calculate the remainder when 173 is divided by x.
28
Suppose -3*o - 57*l + 52*l = -805, -2*o + 3*l + 562 = 0. What is the remainder when o is divided by 69?
68
Let v(u) = -3*u**3 - 16*u**2 - 3*u + 17. Suppose 0 = g + 2*j - 9, 2*g + 27 = 5*g - 3*j. What is the remainder when g is divided by v(-5)?
2
Let d(c) = 57*c. Let h be d(1). Let o = h - 30. What is the remainder when o is divided by 7?
6
Let w be (-14)/3*60/(-70). Let v = -7 - w. Let d = -5 - v. What is the remainder when 17 is divided by d?
5
Let r = 1093 - 1026. Calculate the remainder when 112 is divided by r.
45
Let p = 316 + -294. What is the remainder when 70 is divided by p?
4
Let b(l) = 2*l**2 - 7*l - 18. Calculate the remainder when 463 is divided by b(7).
29
Let g = -24 + 28. Suppose 5*v - g*v = 44. Calculate the remainder when v is divided by 23.
21
Suppose 4*j + q - 59 = 0, 4*q = 39*j - 37*j - 52. Suppose 4*f - 3*m = 237, -4*m + 14 + 6 = 0. Calculate the remainder when f is divided by j.
15
Suppose -3*z - s + 6*s = -18, s = 3. Calculate the remainder when 13 is divided by z.
2
Let l(v) be the first derivative of 2*v**3/3 - 5*v**2 + 10*v - 1. Suppose 16 = t + 4*r, r = 5*t - 7*t + 53. Calculate the remainder when l(9) is divided by t.
26
Suppose -2*k = -p - 2, -2*p - k = 2*k - 3. Suppose -10*m + 7*m + 126 = p. Calculate the remainder when m is divided by 15.
12
Suppose -2*p + 9 = 3. Suppose -18*b = -17*b. Suppose b = -p*m + 6 + 3, -2*m = -3*n + 63. What is the remainder when n is divided by 7?
2
Let b(s) = 5*s + 32. Calculate the remainder when 78 is divided by b(-4).
6
Suppose -4*k = -3*k - 19. Calculate the remainder when k is divided by 10.
9
Suppose 0*o - 2*o = 4*b - 22, -22 = -b + 5*o. Suppose 8 = -4*h + 2*h + 4*t, 3*h - 2*t + 8 = 0. Calculate the remainder when 12/((-1)/(1 + h)) is divided by b.
5
Suppose 0 = 4*q - q - 207. Suppose 0*l = -6*l + 84. Calculate the remainder when q is divided by l.
13
Suppose -2*d = -2*u - 7*d + 255, 4*u = -5*d + 485. Calculate the remainder when u is divided by 29.
28
Let a be 7/3 + 26/39. Suppose 3*n + 30 = a*d, -5*n + 10*n - 6 = -2*d. Calculate the remainder when 17 is divided by d.
1
Suppose 4*l - 47 = 13. Suppose -f + 75 + 37 = 0. Let n = f + -68. Calculate the remainder when n is divided by l.
14
Let a(k) = -k - 11. Let g be a(-6). What is the remainder when 74 is divided by g/(15/19)*-3?
17
Let x be ((-574)/(-21))/((-1)/6*2). Let z = x - -92. What is the remainder when 56 is divided by z?
6
Let j = -19 - -29. Let a = j + 4. What is the remainder when (-407)/(-5) - (-2)/(-5) is divided by a?
11
Let t = -12 + 15. Suppose 5*q - t*d - 147 = -d, 0 = -5*q + 3*d + 143. What is the remainder when q is divided by 16?
15
What is the remainder when (72/20)/(10/975) is divided by 90?
81
Suppose 20 = -3*c - c. Let k = c + 42. Suppose -31 = -3*m - 2*w, -m - 2*w = -5 - 0. What is the remainder when k is divided by m?
11
Let u(d) = -d**3 - 6*d**2 - 6*d - 11. What is the remainder when u(-6) is divided by 11?
3
Suppose -4*r = 14 - 34. Let p = 1641 + -1634. Calculate the remainder when p is divided by r.
2
Let p = -994 + 1738. Calculate the remainder when p is divided by 68.
64
Suppose -6*t + 48 = -2*t. Suppose -179 = -8*h + 37. Calculate the remainder when h is divided by ((-9)/t)/((-1)/8).
3
Suppose -19 = -4*w - 3. Suppose w*k - 13 - 3 = 0. Suppose -k*a = -6*a + 22. Calculate the remainder when 20 is divided by a.
9
Let c = -59 - -92. Suppose -52 = -5*r + c. What is the remainder when r is divided by 6?
5
Suppose -5*w + 232 = 702. Let h = -9 - w. Suppose 5*c = -0*c + h. Calculate the remainder when 48 is divided by c.
14
Let c be 30 + 3/((-3)/(-2)). Suppose -d + c = d. Let g = -7 + d. What is the remainder when 15 is divided by g?
6
Let j(k) = k**3 + 17*k**2 - 18*k + 3. Let r be j(-18). Suppose -2*y + 182 = 2*q, -y = q - r*y - 82. What is the remainder when q is divided by 18?
16
Suppose -4*s = l - 5*l + 8, -5*s = -4*l + 12. Calculate the remainder when (-3)/l*860/15 is divided by 29.
28
Let u = 1140 + -1108. What is the remainder when 121 is divided by u?
25
Let r = -449 - -511. Calculate the remainder when 182 is divided by r.
58
Let o = -144 - -78. Let h = 21 - o. What is the remainder when h/3*(3 - 2) is divided by 16?
13
Let f(x) = -8*x - 3. Suppose -5*c + 45 = -30. What is the remainder when f(-4) is divided by c?
14
Suppose -7*v - 74 = -11*v - 2*m, -15 = -5*m. Calculate the remainder when 134 is divided by v.
15
Let k be -9*(-3 - 14/(-6)). Let f(d) = 7 + 5*d**2 - 5*d**2 + d**2 + k*d. Calculate the remainder when 13 is divided by f(-6).
6
Let y = 34 - -27. Let a = -29 - -14. Let g = a + 31. Calculate the remainder when y is divided by g.
13
Let k(y) = -4*y. Let x be k(-6). Suppose 2*n = a - x + 3, -5*a - 5*n + 180 = 0. Calculate the remainder when a is divided by 11.
9
Let h(i) = 103*i - 481. Let y = -4 - -11. Calculate the remainder when h(5) is divided by y.
6
Let o(w) = 2*w**3 - 4*w**2 + 5*w - 2. Suppose 4*q + 14 = -4*l + 6, 2*q + 5*l = -10. Suppose q = 3*x - 22 - 29. What is the remainder when o(3) is divided by x?
14
Suppose 0 = 